c?
5
Let r = 104 - 93. Suppose 0 = -r*u + 5*u + 648. List the prime factors of u.
2, 3
Suppose 0*m + 4*m + 2224 = 0. Let s = -354 - m. What are the prime factors of s?
2, 101
Suppose 4*z - 19 = -3*u, -z = -4*u + 11 + 8. Suppose 138 + 84 = -u*b - m, 166 = -4*b + 5*m. What are the prime factors of 4/22 - 2324/b?
53
What are the prime factors of 8/((-1144)/(-23331)) - (-2)/(-13)?
163
Let h = 25 + 1691. What are the prime factors of h?
2, 3, 11, 13
Suppose 0 = 5*z + q - 14498, 24*q - 8698 = -3*z + 23*q. List the prime factors of z.
2, 5, 29
Let n = -7 - -9. Let k(j) = j**3 - j**2. List the prime factors of k(n).
2
Let k(o) be the first derivative of -5*o**2/2 - 2*o - 8. Let d be k(-1). Suppose d*a + 92 = 7*a. What are the prime factors of a?
23
Let o(j) = -j**2 + 15*j + 3. Let n = -27 - -33. What are the prime factors of o(n)?
3, 19
Let n = 44 - -47. Suppose 4*a - n = -15. List the prime factors of a.
19
Suppose -4*q + 0*q = 4*u + 908, 447 = -2*u + 5*q. Let g = -10 - u. What are the prime factors of g?
2, 3
Suppose 5 = 4*v + 3*c, 4*c + 40 = 3*v - c. List the prime factors of 0/v - (3 - 75).
2, 3
Let l(h) = -h**2 - 1. Let x be l(1). Let f = 4 + x. Suppose -40 = -f*s - 0*s. List the prime factors of s.
2, 5
Let u(d) = 5*d**2 - 28*d - 5. Let w be u(-8). Suppose 109 = -5*t + w. What are the prime factors of t?
2, 43
Suppose 412 = 3*u + 2*i, -5*u + 2*u + 417 = 3*i. List the prime factors of u.
2, 67
Let w(x) = 167*x**2 - 2*x - 4. List the prime factors of w(-2).
2, 167
Let v be 3*(-1)/6*-4. Suppose q - 24 - 5 = -v*s, 0 = s - 2. What are the prime factors of ((-12)/15)/((-2)/q)?
2, 5
Let x(j) = 17*j**2 + j + 16. What are the prime factors of x(10)?
2, 863
Let i(n) be the first derivative of n**2/2 + 7*n - 4. Let x be i(5). Let y = -3 + x. What are the prime factors of y?
3
Suppose 805 = z + 5*r - 400, -r + 1225 = z. List the prime factors of z.
2, 3, 5, 41
Suppose 32*u - 275 = 27*u. Let c = u - 24. What are the prime factors of c?
31
Suppose 17 = -5*r - 3. Let m(n) = -n**2 - 6*n - 5. Let b be m(r). Suppose -b*g + g = -48. List the prime factors of g.
2, 3
Let u be (248/10)/(2/5). Let g = -4 + u. What are the prime factors of g?
2, 29
Suppose -4 = -5*y - 2*q + 52, -31 = -4*y + 3*q. Suppose -k = -25 + y. What are the prime factors of k?
3, 5
Let y = 9 + -4. Suppose 3*j = 2*j - 5*f - 16, 2*j + y*f + 12 = 0. Suppose 2*l = l - j*o - 1, 0 = -2*l - 3*o + 3. What are the prime factors of l?
3
Let m(c) = 2*c + 39. Let d be m(-16). Suppose 303 + 61 = d*t. What are the prime factors of t?
2, 13
Suppose 16*q = 25*q - 8046. What are the prime factors of q?
2, 3, 149
Let s(b) = b**2 + 3*b + 1. Let h be s(-7). Suppose h = y - 0*y. Suppose 3*a - 57 - y = -5*p, 0 = 3*p - 3. List the prime factors of a.
3
Let q(x) = -8*x - 1. Let b be q(2). Let y = 27 + b. Suppose 0 = -2*k + 92 + y. What are the prime factors of k?
3, 17
Suppose -9*k + 4*k = -15. Suppose -40 = -k*v - 13. Suppose -5*p = -v*p + 156. What are the prime factors of p?
3, 13
Let n(i) = 9 - 77 + 6 + 31 - 59*i. What are the prime factors of n(-6)?
17, 19
Let t be (-36)/(-9) - (-62)/2. Suppose p - t = c + 4*p, -3*c = 2*p + 105. What are the prime factors of (-2)/5 - 1869/c?
53
Let m be (-21)/35 + 3/5. Suppose m = 5*z - 211 - 84. List the prime factors of z.
59
Suppose 5*k - 13584 = -4*t, -t - 87*k + 3385 = -83*k. List the prime factors of t.
19, 179
Let f = -187 - -193. Suppose -2*g = -7 - 11. What are the prime factors of f/g*(-4 + 16)?
2
Let s = 31 + 31. Suppose -5*w + 4*w + s = 0. What are the prime factors of w?
2, 31
Let w = 6 + 103. Let b(z) = z**2 + 18*z + 13. Let o be b(-10). Let p = o + w. List the prime factors of p.
2, 3, 7
Suppose -28789 = -22*b - 10947. What are the prime factors of b?
811
Let m be 44/12 + (-2)/3. Let j = m - -1. Suppose -72 = r - j*r. List the prime factors of r.
2, 3
Suppose 50*u - 46954 - 33046 = 0. List the prime factors of u.
2, 5
Let m = -30 - -39. Let w(f) = -f**2 + 10*f - 2. List the prime factors of w(m).
7
Let o be -1 - 1*-2 - 11. Suppose -5*m = -5*h - 24 - 11, 5*m + 2*h - 63 = 0. Let v = m - o. List the prime factors of v.
3, 7
What are the prime factors of (-10)/5*(-3 - (-45)/(-6))?
3, 7
Let p(w) = 46*w - 16 - 105*w + 50*w. What are the prime factors of p(-15)?
7, 17
Let g(v) = 6*v**3 + 2*v**2 - 1. Let l be g(1). Let b(q) = 11*q - 7. What are the prime factors of b(l)?
2, 5, 7
Suppose 4*p = -p - 5*o + 3235, -p = -5*o - 635. List the prime factors of p.
3, 5, 43
Let q(h) = 4*h**2 + 5*h - 6. Let s be q(4). Suppose 48 + s = -2*l. What are the prime factors of l/4*(-64)/24?
2, 3, 7
Let a = -356 - -521. List the prime factors of (12/5)/(-3*(-2)/a).
2, 3, 11
Let f = -19 - -19. Suppose -3*v - 2*v + 400 = f. Let q = v + -37. What are the prime factors of q?
43
Suppose 3*u = -0*u + 111. Suppose u = -4*z - k - 33, -80 = 4*z - 4*k. Let v = z - -30. What are the prime factors of v?
2, 3
Let h be (37/2)/(8/16). Suppose 2*d = 61 - h. What are the prime factors of d?
2, 3
Suppose 0*x = -7*x + 35. Suppose -632 = x*p - 13*p. What are the prime factors of p?
79
Let u = -115 + 55. Let n = 84 + u. List the prime factors of n.
2, 3
Suppose 61*h + 50611 = 72*h. What are the prime factors of h?
43, 107
Let s = -689 - -1156. List the prime factors of s.
467
Let y(l) = -13*l. Let p(h) = 3*h. Let u(w) = 9*p(w) + 2*y(w). Let q be u(3). Suppose 58 = 3*n + 2*f, -3*f = q*n + f - 68. What are the prime factors of n?
2
Let v be (4 - 4)/(-2 - 1). Suppose -c - 16 + 80 = v. What are the prime factors of c?
2
Suppose -97*v + 38991 = -56*v. What are the prime factors of v?
3, 317
Let k = 17 + -19. Let s be (52/3)/(k/12). List the prime factors of (2/4)/((-2)/s).
2, 13
Let v = -11 + 10. Let w = v + 5. Suppose -129 = -w*d + 5*k, -2*k + 122 = 3*d + d. What are the prime factors of d?
31
Let g = 593 + -237. List the prime factors of g.
2, 89
Suppose -2*r = -5*m + 16, -2*r = -2*m + 5*m - 16. Suppose -5*k + 5*i + 500 = 0, -3*k + 288 + 15 = -m*i. What are the prime factors of k?
97
Let s(r) = 31*r**2 - 2*r + 1. Let i be s(1). Let x = i - 14. What are the prime factors of x?
2
Let f be (-248)/(-12) + (-6)/9. Let h = f + -10. What are the prime factors of h?
2, 5
Suppose -4*x - 6 = 3*j, 2*j - 3*j - 2 = 5*x. What are the prime factors of -3*(1 + 0) + 21 + j?
2
Suppose 5*c - 1384 = 4*v, -v + 0*v + 5*c = 331. Let b = -162 - v. What are the prime factors of b?
3, 7
Let f(l) = -1226*l**3 + 2*l**2 - 11*l - 12. What are the prime factors of f(-1)?
3, 409
Let s be (2 - 3)/((-5)/20). Suppose -3*l = l - s*d - 776, 3*l = -4*d + 610. List the prime factors of l.
2, 3, 11
Let i = 26 + -21. Suppose 3*a - 4 = 5*u, 2*u + i = u. List the prime factors of 63/147 - 165/a.
2, 3
Let o(y) = -378*y - 7. Let l be o(1). Let u = 542 + l. What are the prime factors of u?
157
Suppose 3*h = -2*l + 5*h - 218, 5*h = -2*l - 190. Let x = -48 - l. List the prime factors of x.
3, 19
Let i = 187 + 1. List the prime factors of i.
2, 47
Let k = -929 - -2075. List the prime factors of k.
2, 3, 191
Let b(z) = -72*z - 65. List the prime factors of b(-8).
7, 73
Let b be ((-124)/(-6))/((-26)/117). Let i = -43 - b. What are the prime factors of i?
2, 5
Suppose k + 9 = 3*s + 4*k, -s + k = 1. Let p be (s/(-2))/((-5)/130). Let o = -2 + p. List the prime factors of o.
11
Suppose 0 = 2*w + 39 - 9. Let x be (1 - w/(-10))*16. Let g(k) = k**2 - 3*k - 16. What are the prime factors of g(x)?
2, 3
Let p = 2670 - 1724. List the prime factors of p.
2, 11, 43
Let g(o) = -6*o - 27. Let v be g(-4). List the prime factors of 51 + 0 + v + 0.
2, 3
Let j be 5/(60/(-8))*909. Let f be j/(-4) - (-3)/(-6). Suppose -86 = -2*y - 3*a, -a - f = -2*y - y. List the prime factors of y.
7
Let u(v) = 3*v**2 - 7*v - 43. Let b be u(10). Let j = b - 43. What are the prime factors of j?
2, 3
Let j(u) = -u**2 - 7*u - 6. Let b be j(-6). Suppose b = 3*t - t - 10. Let c(n) = 10*n - 5. What are the prime factors of c(t)?
3, 5
Suppose -4*f + 6308 = -2*d, -f + 1223 = -2*d - 354. List the prime factors of f.
19, 83
Let j(w) = -2*w - 8. Let m be j(-6). Suppose -m*u = -210 - 310. What are the prime factors of u?
2, 5, 13
Let y = 91 + 589. What are the prime factors of y?
2, 5, 17
Suppose -5 = -s + 2*s. Let x be (132/(-20))/(9/(-30)). Let l = x - s. What are the prime factors of l?
3
List the prime fac